{"id":115,"date":"2013-10-09T10:07:21","date_gmt":"2013-10-09T10:07:21","guid":{"rendered":"http:\/\/hotel.buero68.de\/?page_id=115"},"modified":"2013-12-04T09:56:36","modified_gmt":"2013-12-04T09:56:36","slug":"unser-hotel","status":"publish","type":"page","link":"http:\/\/www.altstadthotel-am-theater.de\/?page_id=115","title":{"rendered":"Unser Hotel"},"content":{"rendered":"<div class=\"clearfix\">\n<div class=\"one-third\"><img alt=\"\" src=\"..\/bilder\/herzlichwillkommen.jpg\" \/><\/div>\n<strong>Herzlich willkommen im virtuellen Altstadthotel \u201eAm Theater\u201c!<\/strong><br \/>\nSch\u00f6n, dass Sie auf unserer Homepage gelandet sind &#8211; schm\u00f6kern Sie doch einfach mal auf diesen Seiten und lernen Sie uns kennen. In unserem familiengef\u00fchrten Innenstadthotel legen wir gro\u00dfen Wert auf langj\u00e4hrige Beziehungen. Nicht nur zu unseren zahlreichen Stammg\u00e4sten, sondern auch zu unseren Mitarbeitern und Partnern. Die meisten sind seit vielen Jahren mit unserem Haus verbunden. Dieser Gemeinsinn tr\u00e4gt sehr zur besonderen Wohlf\u00fchlqualit\u00e4t unseres Hotels bei, die Sie als Gast unseres Haus sp\u00fcren werden. Hoffentlich finden Sie hier Eindr\u00fccke und Einblicke, die Sie inspirieren und interessieren. Sehr gern w\u00fcrden wir Sie in unserem Hotel willkommen hei\u00dfen.<br \/>\nIlka und Christian Wagner<br \/>\n<\/div>\n<hr style=\"margin-top: 20px;margin-bottom: 20px;\" \/>\n<div class=\"clearfix\">\n<div class=\"one-half\">\n<h3 class=\"title1\">Hier fehlt einen \u00dcberschrift<\/h3>\n<div class=\"accordion\">\n<h4>Weitere Informationen zum Hotel<\/h4><div>Rezeptionszeiten:<br \/>\nMo. &#8211; Fr. von 06:30 bis 21:00 Uhr,<br \/>\nSa.\/So. von 08:00 bis 21:00 Uhr<br \/>\nKostenfreie Unterbringung von maximal 1 Kind\/ern im Alter bis zu 6 Jahr\/en (einschlie\u00dflich) im Doppelzimmer der Eltern (bei 2 Vollzahlern) m\u00f6glich. Bei weiteren Fragen nehmen Sie Kontakt zu uns auf.<\/div>\n<h4>Hotelbeschreibung<\/h4><div>Unser Haus ist ein Komforthotel f\u00fcr gehobene Anspr\u00fcche (mit 3 hotel.de-Sternen klassifiziert) und verf\u00fcgt insgesamt \u00fcber 29 G\u00e4stezimmer. Nutzen Sie den kostenfreien Parkplatz unseres Hauses f\u00fcr Ihr Auto. Auf Ihrem Hotelzimmer sowie im \u00f6ffentlichen Bereich unseres Hauses haben Sie \u00fcber WLAN Internet-Zugang. Gerne k\u00f6nnen Sie als Gast Ihr Haustier mitbringen, diese Unterkunft verf\u00fcgt \u00fcber Nichtraucherzimmer, in denen Sie gemeinsam \u00fcbernachten k\u00f6nnen (bitte geben Sie diesen Wunsch bei der Buchung an). Um Ihren Durst zu stillen, haben wir die Minibar in Ihrem Hotelzimmer mit kalten Getr\u00e4nken bef\u00fcllt. Neben dem Fernseher befindet sich in s\u00e4mtlichen Hotelzimmern ein Telefon. Jedes Badezimmer ist mit einem Haarf\u00f6n ausgestattet. F\u00fcr eine Fahrt ins Gr\u00fcne stellen wir Ihnen als Gast Leihfahrr\u00e4der bereit \u2013 unbegrenzte Kilometer nat\u00fcrlich inklusive! Gestatten Sie sich zur Entspannung eine sch\u00f6ne und angenehme Massage in unserem Hotel.<br \/>\nMorgens erwartet Sie hier bei uns ein reichhaltiges Fr\u00fchst\u00fcck. Somit ist ein guter Start in den Tag sichergestellt! Die Bezahlung Ihrer Hotelrechnung k\u00f6nnen Sie sicher per MasterCard\/EuroCard, Visa, Diners Club-Karte erledigen! Wir akzeptieren auch EC-Karte. Unser Hotel-Personal freut sich sehr, Sie bei uns willkommen hei\u00dfen zu d\u00fcrfen!<\/div>\n<h4>Unser Service<\/h4><div>Viele unserer G\u00e4ste behalten uns nicht nur in guter Erinnerung, sondern besuchen uns gern und regelm\u00e4\u00dfig wieder. Mit unserem ganz pers\u00f6nlichen, famili\u00e4ren Engagement k\u00fcmmern wir uns um unsere G\u00e4ste. Das werden Sie schon zum Tagesbeginn bei unserem reichhaltigen Genie\u00dfer-Fr\u00fchst\u00fccksbuffet sp\u00fcren. Denn ein guter Tag beginnt bei uns mit einem guten Morgen, der nichts zu w\u00fcnschen \u00fcbrig l\u00e4sst \u2013 garantiert. Ob kostenfreier Fahrradverleih, ein B\u00fcgelkleiderschrank, pers\u00f6nliche Beratung zu allen Ausflugszielen oder kostenfreies W-Lan \u2013 der Service hat in unserem Hotel viele Gesichter. Was andernorts Concierge-Service genannt wird, ist in unserem Altstadthotel \u201eAm Theater\u201c eine Selbstverst\u00e4ndlichkeit. Gern bereiten wir Ihnen ein Rundum-Sorglos-Paket. Wir beraten Sie rund um Anreise und Abreise, Sehensw\u00fcrdigkeiten, Verkehrsverbindungen, Theaterkarten sowie Restauranttipps. Wie in einer guten Familie stehen wir Ihnen gerne mit Rat und Tat zur Seite.<\/div>\n<\/div>\n<\/div>\n<div class=\"one-half last-col\">\n<h3 class=\"title1\">In 3 Schritten zum Wohlgef\u00fchl<\/h3>\n<div id=\"tabs\"><ul class=\"nav clearfix\"><li><a href=\"#tabs-1-zimmerwahl\">1. Zimmerwahl<\/a><\/li><li><a href=\"#tabs-2-arrangement\">2. Arrangement<\/a><\/li><li><a href=\"#tabs-3-buchung\">3. Buchung<\/a><\/li><\/ul>\n<div id=\"tabs-1-zimmerwahl\">Soll es ein guter Standard oder ein gehobener Komfort sein? Vielleicht auch mehr Luxus im Premiumzimmer oder die Weitl\u00e4ufigkeit unserer Appartments?<\/div>\n<div id=\"tabs-2-arrangement\">Schauen Sie doch, ob Sie unser Hotel im Rahmen eines individuellen Arrangements kennen lernen wollen. Gleich sechs verschiedene Kennenlern-Angebote warten auf Sie.<\/div>\n<div id=\"tabs-3-buchung\">Ganz bequem und Online k\u00f6nnen Sie Ihren Wunschaufenthalt nun bei uns buchen \u2013 direkt auf dieser Homepage. Dann ist der \u00f6ffentlichen Nahverkehr in Cottbus sogar inkludiert.<\/div>\n<\/div>\n<strong>Buchbar nur per Telefon 0355-3554850 oder E-Mail info@altstadthotel-am-theater.de<\/strong>, ganzj\u00e4hrig mit Anreise am Sonntag, nach Verf\u00fcgbarkeit. Begrenztes Kontingent! Es ist keine Kombination mit anderen Rabattangeboten m\u00f6glich.<\/div>\n<\/div>\n<hr style=\"margin-top: 0px;margin-bottom: 20px;\" \/>\n\n\t\t<div id='gallery-1' class='gallery galleryid-115 gallery-columns-3 gallery-size-thumbnail'><dl class='gallery-item'><dt class='gallery-icon'><a href=\"http:\/\/www.altstadthotel-am-theater.de\/wp-content\/uploads\/2013\/10\/altstadthotel_1.jpg\" rel=\"prettyPhoto[gallery-]\" title=\"altstadthotel_1\"><span class=\"zoom-wrapper\">\n\t\t\t\t\t<span class=\"zoom\"><\/span>\n\t\t\t\t<\/span><img src=\"http:\/\/www.altstadthotel-am-theater.de\/wp-content\/uploads\/2013\/10\/altstadthotel_1-500x500.jpg\" alt=\"\" \/><\/a><\/dt><\/dl><dl class='gallery-item'><dt class='gallery-icon'><a href=\"http:\/\/www.altstadthotel-am-theater.de\/wp-content\/uploads\/2013\/10\/altstadthotel_6.jpg\" rel=\"prettyPhoto[gallery-]\" title=\"altstadthotel_6\"><span class=\"zoom-wrapper\">\n\t\t\t\t\t<span class=\"zoom\"><\/span>\n\t\t\t\t<\/span><img src=\"http:\/\/www.altstadthotel-am-theater.de\/wp-content\/uploads\/2013\/10\/altstadthotel_6-500x500.jpg\" alt=\"\" \/><\/a><\/dt><\/dl><dl class='gallery-item'><dt class='gallery-icon'><a href=\"http:\/\/www.altstadthotel-am-theater.de\/wp-content\/uploads\/2013\/10\/altstadthotel_3.jpg\" rel=\"prettyPhoto[gallery-]\" title=\"altstadthotel_3\"><span class=\"zoom-wrapper\">\n\t\t\t\t\t<span class=\"zoom\"><\/span>\n\t\t\t\t<\/span><img src=\"http:\/\/www.altstadthotel-am-theater.de\/wp-content\/uploads\/2013\/10\/altstadthotel_3-500x500.jpg\" alt=\"\" \/><\/a><\/dt><\/dl><dl class='gallery-item'><dt class='gallery-icon'><a href=\"http:\/\/www.altstadthotel-am-theater.de\/wp-content\/uploads\/2013\/10\/altstadthotel_2.jpg\" rel=\"prettyPhoto[gallery-]\" title=\"altstadthotel_2\"><span class=\"zoom-wrapper\">\n\t\t\t\t\t<span class=\"zoom\"><\/span>\n\t\t\t\t<\/span><img src=\"http:\/\/www.altstadthotel-am-theater.de\/wp-content\/uploads\/2013\/10\/altstadthotel_2-500x500.jpg\" alt=\"\" \/><\/a><\/dt><\/dl><dl class='gallery-item'><dt class='gallery-icon'><a href=\"http:\/\/www.altstadthotel-am-theater.de\/wp-content\/uploads\/2013\/10\/altstadthotel_5.jpg\" rel=\"prettyPhoto[gallery-]\" title=\"altstadthotel_5\"><span class=\"zoom-wrapper\">\n\t\t\t\t\t<span class=\"zoom\"><\/span>\n\t\t\t\t<\/span><img src=\"http:\/\/www.altstadthotel-am-theater.de\/wp-content\/uploads\/2013\/10\/altstadthotel_5-500x500.jpg\" alt=\"\" \/><\/a><\/dt><\/dl><dl class='gallery-item'><dt class='gallery-icon'><a href=\"http:\/\/www.altstadthotel-am-theater.de\/wp-content\/uploads\/2013\/12\/altstadthotel_4.jpg\" rel=\"prettyPhoto[gallery-]\" title=\"altstadthotel_4\"><span class=\"zoom-wrapper\">\n\t\t\t\t\t<span class=\"zoom\"><\/span>\n\t\t\t\t<\/span><img src=\"http:\/\/www.altstadthotel-am-theater.de\/wp-content\/uploads\/2013\/12\/altstadthotel_4-500x500.jpg\" alt=\"\" \/><\/a><\/dt><\/dl>\n\t\t\t<br style='clear: both;' \/>\n\t\t<\/div>\n\n","protected":false},"excerpt":{"rendered":"","protected":false},"author":1,"featured_media":0,"parent":74,"menu_order":0,"comment_status":"closed","ping_status":"closed","template":"template-full-width.php","meta":[],"_links":{"self":[{"href":"http:\/\/www.altstadthotel-am-theater.de\/index.php?rest_route=\/wp\/v2\/pages\/115"}],"collection":[{"href":"http:\/\/www.altstadthotel-am-theater.de\/index.php?rest_route=\/wp\/v2\/pages"}],"about":[{"href":"http:\/\/www.altstadthotel-am-theater.de\/index.php?rest_route=\/wp\/v2\/types\/page"}],"author":[{"embeddable":true,"href":"http:\/\/www.altstadthotel-am-theater.de\/index.php?rest_route=\/wp\/v2\/users\/1"}],"replies":[{"embeddable":true,"href":"http:\/\/www.altstadthotel-am-theater.de\/index.php?rest_route=%2Fwp%2Fv2%2Fcomments&post=115"}],"version-history":[{"count":52,"href":"http:\/\/www.altstadthotel-am-theater.de\/index.php?rest_route=\/wp\/v2\/pages\/115\/revisions"}],"predecessor-version":[{"id":553,"href":"http:\/\/www.altstadthotel-am-theater.de\/index.php?rest_route=\/wp\/v2\/pages\/115\/revisions\/553"}],"up":[{"embeddable":true,"href":"http:\/\/www.altstadthotel-am-theater.de\/index.php?rest_route=\/wp\/v2\/pages\/74"}],"wp:attachment":[{"href":"http:\/\/www.altstadthotel-am-theater.de\/index.php?rest_route=%2Fwp%2Fv2%2Fmedia&parent=115"}],"curies":[{"name":"wp","href":"https:\/\/api.w.org\/{rel}","templated":true}]}}