{"id":372,"date":"2013-10-10T08:41:52","date_gmt":"2013-10-10T08:41:52","guid":{"rendered":"http:\/\/hotel.buero68.de\/?page_id=372"},"modified":"2013-12-04T09:43:54","modified_gmt":"2013-12-04T09:43:54","slug":"1-raum-appartement","status":"publish","type":"page","link":"http:\/\/www.altstadthotel-am-theater.de\/?page_id=372","title":{"rendered":"1-Raum-Appartement"},"content":{"rendered":"<div class=\"clearfix\">\n<div class=\"one-half\"><img src=\"..\/bilder\/zimmer_business_b.jpg\"><\/div>\n<div class=\"one-half last-col\">In unseren ebenerdigen 1-Raum-Appartments genie\u00dfen Sie viel Weite und Entspannung in ruhiger Lage zum Hinterhof. Eine kleine Pantry wartet auf Ihr Kochtalent, eine gro\u00dfe Sitzgruppe bietet Platz f\u00fcr Familie, Freunde oder Besuch. In diesem Zuhause auf Zeit k\u00f6nnen Sie sich frei entfalten.<\/p>\n<a href=\"\/?page_id=51\" class=\"button2\">Jetzt buchen<\/a><div class=\"clearboth\"><\/div>\n<\/div>\n<\/div>\n<h3 class=\"title1\" style=\"margin-top:20px\">Details zum Zimmer<\/h3>\n<div class=\"clearfix\">\n<div class=\"one-half\">\n<ul class=\"list2\">\n<li>32-40m\u00b2 ebenerdig<\/li>\n<li>jeweils ein Zimmer zum Hinterhof<\/li>\n<li>Sitzgruppe<\/li>\n<li>kleine Pantry (zum Kochen geeignet)<\/li>\n<li>LCD-TV 40 Zoll<\/li>\n<li>Kofferblock<\/li>\n<li>Schrank<\/li>\n<li>Tisch und Stuhl<\/li>\n<li>Wasserkocher<\/li>\n<li>elektrischer Hosenb\u00fcgler<\/li>\n<li>zus\u00e4tzlich B\u00fcgeleisen und B\u00fcgelbrett<\/li>\n<\/ul><\/div><div class=\"one-half last-col\">\n<ul class=\"list2\">\n<li>Verdunklungsgardinen<\/li>\n<li>Geschirr<\/li>\n<li>gratis Tee und Kaffee<\/li>\n<li>tgl. Mineralwasser<\/li>\n<li>Schreibtisch<\/li>\n<li>Steh, Wand- und Nachttischlampe<\/li>\n<li>Dusche<\/li>\n<li>F\u00f6n<\/li>\n<li>Haar und Dusch-Shampoo<\/li>\n<li>Bier, Wein, S\u00e4fte gegen Geb\u00fchr<\/li>\n<\/ul><\/div><\/div>\n<hr \/>\n","protected":false},"excerpt":{"rendered":"<p>Details zum Zimmer<\/p>\n","protected":false},"author":1,"featured_media":0,"parent":2,"menu_order":0,"comment_status":"closed","ping_status":"open","template":"template-full-width.php","meta":[],"_links":{"self":[{"href":"http:\/\/www.altstadthotel-am-theater.de\/index.php?rest_route=\/wp\/v2\/pages\/372"}],"collection":[{"href":"http:\/\/www.altstadthotel-am-theater.de\/index.php?rest_route=\/wp\/v2\/pages"}],"about":[{"href":"http:\/\/www.altstadthotel-am-theater.de\/index.php?rest_route=\/wp\/v2\/types\/page"}],"author":[{"embeddable":true,"href":"http:\/\/www.altstadthotel-am-theater.de\/index.php?rest_route=\/wp\/v2\/users\/1"}],"replies":[{"embeddable":true,"href":"http:\/\/www.altstadthotel-am-theater.de\/index.php?rest_route=%2Fwp%2Fv2%2Fcomments&post=372"}],"version-history":[{"count":10,"href":"http:\/\/www.altstadthotel-am-theater.de\/index.php?rest_route=\/wp\/v2\/pages\/372\/revisions"}],"predecessor-version":[{"id":543,"href":"http:\/\/www.altstadthotel-am-theater.de\/index.php?rest_route=\/wp\/v2\/pages\/372\/revisions\/543"}],"up":[{"embeddable":true,"href":"http:\/\/www.altstadthotel-am-theater.de\/index.php?rest_route=\/wp\/v2\/pages\/2"}],"wp:attachment":[{"href":"http:\/\/www.altstadthotel-am-theater.de\/index.php?rest_route=%2Fwp%2Fv2%2Fmedia&parent=372"}],"curies":[{"name":"wp","href":"https:\/\/api.w.org\/{rel}","templated":true}]}}