{"id":7,"date":"2012-07-20T03:40:02","date_gmt":"2012-07-20T03:40:02","guid":{"rendered":"http:\/\/192.168.1.2\/hotel\/www2\/?page_id=7"},"modified":"2013-11-15T11:07:27","modified_gmt":"2013-11-15T11:07:27","slug":"arrangements","status":"publish","type":"page","link":"http:\/\/www.altstadthotel-am-theater.de\/?page_id=7","title":{"rendered":"Arrangements"},"content":{"rendered":"<div class=\"one-third\">\n<h3 class=\"title1\">Cottbus am Sonntag<\/h3>\n<div class=\"block-img1\"><a title=\"Cottbus am Sonntag\" href=\"\/?page_id=132\"><img alt=\"Cottbus am Sonntag\" src=\"\/bilder\/arrangement1.jpg\" \/><\/a><\/div>\n<p>Lernen Sie Cottbus an einem Sonntag kennen: Mit Geniesser-Fr\u00fchst\u00fcck und Komfort\u00fcbernachtung schon ab 39 EUR pro Person. <a href=\"\/?page_id=132\">[Zu den Details]<\/a>\n<\/div>\n<div class=\"one-third\">\n<h3 class=\"title1\">Romantikwochenende<\/h3>\n<div class=\"block-img1\"><a title=\"Romantikwochenende\" href=\"\/?page_id=180\" rel=\"bookmark\"><img alt=\"Romantikwochenende\" src=\"\/bilder\/arrangement2.jpg\" \/><\/a><\/div>\n<p>Liebe, Rosen, Luxus \u2026 unser Romantik-Arrangement im Komfortzimmer mit 3 Tagen und zwei N\u00e4chten ab 135 EUR pro Person. <a href=\"\/?page_id=180\">[Zu den Details]<\/a>\n<\/div>\n<div class=\"one-third last-col\">\n<h3 class=\"title1\">Midweek \u2013 F\u00fcr Entdecker<\/h3>\n<div class=\"block-img1\"><a title=\"Midweek \u2013 F\u00fcr Entdecker\" href=\"\/?page_id=186\" rel=\"bookmark\"><img alt=\"Midweek \u2013 F\u00fcr Entdecker\" src=\"\/bilder\/arrangement3.jpg\" \/><\/a><\/div>\n<p>Entdecken Sie Cottbus, den Spreewald und die Geschichte der Sorben und Wenden \u2013 unsere Erlebniswoche ab 195 EUR pro Person. <a href=\"\/?page_id=186\">[Zu den Details]<\/a>\n<\/div>\n<div class=\"one-third\">\n<h3 class=\"title1\">Cottbus &#038; Spreewald-Kompakt<\/h3>\n<div class=\"block-img1\"><a title=\"Cottbus &#038; Spreewald-Kompakt\" href=\"\/?page_id=198\"><img alt=\"Cottbus &#038; Spreewald-Kompakt\" src=\"\/bilder\/arrangement4.jpg\" \/><\/a><\/div>\n<p>Genie\u00dfen Sie Cottbus und entdecken Sie den einzigartigen Spreewald \u2013 die komplette Erlebniswoche ab 439 EUR pro Person. <br \/><a href=\"\/?page_id=198\">[Zu den Details]<\/a>\n<\/div>\n<div class=\"one-third\">\n<h3 class=\"title1\">Spree-Advent<\/h3>\n<div class=\"block-img1\"><a title=\"Spree-Advent\" href=\"\/?page_id=209\" rel=\"bookmark\"><img alt=\"Spree-Advent\" src=\"\/bilder\/arrangement5.jpg\" \/><\/a><\/div>\n<p>Genie\u00dfen Sie Komfort-N\u00e4chte und Ausfl\u00fcge auf den gr\u00f6\u00dften Weihnachtsmarkt der Lausitz \u2013 der Xmas-Trip ab 149 EUR pro Person. <br \/><a href=\"\/?page_id=209\">[Zu den Details]<\/a>\n<\/div>\n<div class=\"one-third last-col\">\n<h3 class=\"title1\">FC Energie \u2013 Fu\u00dfballzeit<\/h3>\n<div class=\"block-img1\"><a title=\"FC Energie \u2013 Fu\u00dfballzeit\" href=\"\/?page_id=220\"><img alt=\"FC Energie \u2013 Fu\u00dfballzeit\" src=\"\/bilder\/arrangement6.jpg\" \/><\/a><\/div>\n<p>Fiebern Sie im Stadion mit unserem FC Energie Cottbus und genie\u00dfen Sie das Drumherum. Unser Fanpaket ab 39 EUR <br \/>pro Person. <a href=\"\/?page_id=220\">[Zu den Details]<\/a>\n<\/div>\n","protected":false},"excerpt":{"rendered":"<p>Cottbus am Sonntag Lernen Sie Cottbus an einem Sonntag kennen: Mit Geniesser-Fr\u00fchst\u00fcck und Komfort\u00fcbernachtung schon ab 39 EUR pro Person. [Zu den Details] Romantikwochenende Liebe, <\/p>\n<p><a href=\"http:\/\/www.altstadthotel-am-theater.de\/?page_id=7\" class=\"button2\">Read More &raquo;<\/a><\/p>\n","protected":false},"author":1,"featured_media":0,"parent":0,"menu_order":0,"comment_status":"closed","ping_status":"closed","template":"template-full-width.php","meta":[],"_links":{"self":[{"href":"http:\/\/www.altstadthotel-am-theater.de\/index.php?rest_route=\/wp\/v2\/pages\/7"}],"collection":[{"href":"http:\/\/www.altstadthotel-am-theater.de\/index.php?rest_route=\/wp\/v2\/pages"}],"about":[{"href":"http:\/\/www.altstadthotel-am-theater.de\/index.php?rest_route=\/wp\/v2\/types\/page"}],"author":[{"embeddable":true,"href":"http:\/\/www.altstadthotel-am-theater.de\/index.php?rest_route=\/wp\/v2\/users\/1"}],"replies":[{"embeddable":true,"href":"http:\/\/www.altstadthotel-am-theater.de\/index.php?rest_route=%2Fwp%2Fv2%2Fcomments&post=7"}],"version-history":[{"count":52,"href":"http:\/\/www.altstadthotel-am-theater.de\/index.php?rest_route=\/wp\/v2\/pages\/7\/revisions"}],"predecessor-version":[{"id":506,"href":"http:\/\/www.altstadthotel-am-theater.de\/index.php?rest_route=\/wp\/v2\/pages\/7\/revisions\/506"}],"wp:attachment":[{"href":"http:\/\/www.altstadthotel-am-theater.de\/index.php?rest_route=%2Fwp%2Fv2%2Fmedia&parent=7"}],"curies":[{"name":"wp","href":"https:\/\/api.w.org\/{rel}","templated":true}]}}